ded by 203.
155
Calculate the remainder when 250796 is divided by 22.
18
Calculate the remainder when 3205 is divided by 458.
457
Calculate the remainder when 7495 is divided by 466.
39
What is the remainder when 7683 is divided by 46?
1
Calculate the remainder when 17032 is divided by 15.
7
What is the remainder when 432 is divided by 56?
40
Calculate the remainder when 17726 is divided by 522.
500
Calculate the remainder when 11534 is divided by 440.
94
Calculate the remainder when 47521 is divided by 23747.
27
Calculate the remainder when 35356 is divided by 16.
12
What is the remainder when 25444 is divided by 6350?
44
What is the remainder when 8786 is divided by 232?
202
Calculate the remainder when 120680 is divided by 321.
305
What is the remainder when 156889 is divided by 5409?
28
Calculate the remainder when 13531 is divided by 215.
201
Calculate the remainder when 10691 is divided by 108.
107
What is the remainder when 38438 is divided by 7670?
88
What is the remainder when 1327910 is divided by 79?
78
Calculate the remainder when 26321 is divided by 65.
61
Calculate the remainder when 2700878 is divided by 1456.
1454
What is the remainder when 2032316 is divided by 174?
170
Calculate the remainder when 282547 is divided by 35316.
19
Calculate the remainder when 712034 is divided by 39.
11
What is the remainder when 1288 is divided by 59?
49
Calculate the remainder when 2721 is divided by 340.
1
Calculate the remainder when 5309 is divided by 13.
5
What is the remainder when 2930 is divided by 586?
0
What is the remainder when 2125140 is divided by 959?
955
Calculate the remainder when 19958 is divided by 425.
408
What is the remainder when 3920 is divided by 165?
125
What is the remainder when 15815 is divided by 5265?
20
What is the remainder when 1903 is divided by 1792?
111
What is the remainder when 30946 is divided by 197?
17
What is the remainder when 5518 is divided by 65?
58
What is the remainder when 85058 is divided by 10?
8
What is the remainder when 169831 is divided by 9988?
35
What is the remainder when 768 is divided by 94?
16
Calculate the remainder when 63704 is divided by 706.
164
Calculate the remainder when 14211 is divided by 1579.
0
Calculate the remainder when 3571 is divided by 143.
139
Calculate the remainder when 6385 is divided by 490.
15
What is the remainder when 547794 is divided by 50?
44
Calculate the remainder when 48611 is divided by 534.
17
What is the remainder when 10434 is divided by 177?
168
Calculate the remainder when 1139 is divided by 235.
199
What is the remainder when 39522 is divided by 87?
24
What is the remainder when 45294 is divided by 1799?
319
What is the remainder when 27294 is divided by 110?
14
Calculate the remainder when 50994 is divided by 38.
36
What is the remainder when 372 is divided by 43?
28
Calculate the remainder when 2463 is divided by 8.
7
What is the remainder when 11275 is divided by 343?
299
Calculate the remainder when 2723 is divided by 524.
103
What is the remainder when 1976 is divided by 171?
95
Calculate the remainder when 20461 is divided by 45.
31
Calculate the remainder when 290 is divided by 278.
12
Calculate the remainder when 10529 is divided by 162.
161
Calculate the remainder when 654677 is divided by 222.
221
Calculate the remainder when 56839 is divided by 262.
247
What is the remainder when 250848 is divided by 680?
608
Calculate the remainder when 21329 is divided by 927.
8
What is the remainder when 287 is divided by 97?
93
Calculate the remainder when 558845 is divided by 131.
130
Calculate the remainder when 93988 is divided by 323.
318
Calculate the remainder when 7791 is divided by 72.
15
Calculate the remainder when 8017 is divided by 236.
229
Calculate the remainder when 481 is divided by 385.
96
Calculate the remainder when 1338 is divided by 39.
12
What is the remainder when 1971 is divided by 85?
16
What is the remainder when 79887 is divided by 929?
922
What is the remainder when 215074 is divided by 122?
110
What is the remainder when 10976 is divided by 10974?
2
Calculate the remainder when 77612 is divided by 557.
189
What is the remainder when 120395 is divided by 270?
245
Calculate the remainder when 117666 is divided by 24.
18
What is the remainder when 5468 is divided by 95?
53
Calculate the remainder when 64768 is divided by 54.
22
What is the remainder when 1798198 is divided by 30?
28
What is the remainder when 6060 is divided by 1482?
132
Calculate the remainder when 1966 is divided by 1118.
848
What is the remainder when 3744 is divided by 907?
116
What is the remainder when 103697 is divided by 12952?
81
What is the remainder when 3308 is divided by 1097?
17
What is the remainder when 122375 is divided by 5?
0
Calculate the remainder when 34345 is divided by 17171.
3
Calculate the remainder when 520271 is divided by 16.
15
Calculate the remainder when 25929 is divided by 73.
14
What is the remainder when 296470 is divided by 49?
20
What is the remainder when 4356 is divided by 161?
9
Calculate the remainder when 109 is divided by 46.
17
Calculate the remainder when 729 is divided by 265.
199
What is the remainder when 129293 is divided by 16161?
5
What is the remainder when 21977 is divided by 1831?
5
Calculate the remainder when 242499 is divided by 388.
387
Calculate the remainder when 12875 is divided by 4211.
242
Calculate the remainder when 7939 is divided by 344.
27
Calculate the remainder when 9650 is divided by 2406.
26
What is the remainder when 415358 is divided by 68?
14
Calculate the remainder when 10436 is divided by 1738.
8
What is the remainder when 185795 is divided by 46446?
11
What is the remainder when 13439 is divided by 24?
23
Calculate the remainder when 4240 is divided by 61.
31
Calculate the remainder when 698 is divided by 429.
269
Calculate the remainder when 6308 is divided by 75.
8
Calculate the remainder when 10334 is divided by 725.
184
What is the remainder when 26753 is divided by 40?
33
What is the remainder when 911 is divided by 97?
38
Calculate the remainder when 64587 is divided by 636.
351
What is the remainder when 23684 is divided by 4?
0
What is the remainder when 23119 is divided by 857?
837
What is the remainder when 18746 is divided by 18734?
12
Calculate the remainder when 9096 is divided by 1101.
288
What is the remainder when 23774 is divided by 7923?
5
Calculate the remainder when 42706 is divided by 38.
32
What is the remainder when 12643 is divided by 147?
1
Calculate the remainder when 24482 is divided by 2272.
1762
What is the remainder when 295708 is divided by 147854?
0
Calculate the remainder when 257593 is divided by 127.
37
Calculate the remainder when 236993 is divided by 164.
13
What is the remainder when 8358 is divided by 15?
3
What is the remainder when 663204 is divided by 15?
9
What is the remainder when 11683 is divided by 5808?
67
What is the remainder when 14193 is divided by 278?
15
Calculate the remainder when 6948 is divided by 6931.
17
What is the remainder when 994 is divided by 475?
44
Calculate the remainder when 2193 is divided by 52.
9
What is the remainder when 42569 is divided by 18?
17
What is the remainder when 11199 is divided by 11177?
22
Calculate the remainder when 2923870 is divided by 82.
78
What is the remainder when 13116 is divided by 739?
553
Calculate the remainder when 18706 is divided by 22.
6
What is the remainder when 10962 is divided by 5?
2
What is the remainder when 5350 is divided by 763?
9
Calculate the remainder when 40013 is divided by 40012.
1
Calculate the remainder when 10265 is divided by 1649.
371
What is the remainder when 1012719 is divided by 20?
19
Calculate the remainder when 9555 is divided by 2173.
863
Calculate the remainder when 3180 is divided by 1044.
48
Calculate the remainder when 1051043 is divided by 1.
0
Calculate the remainder when 454524 is divided by 10.
4
What is the remainder when 488 is divided by 33?
26
Calculate the remainder when 787337 is divided by 698.
691
Calculate the remainder when 372485 is divided by 31.
20
Calculate the remainder when 9390 is divided by 2311.
146
What is the remainder when 27659 is divided by 1839?
74
Calculate the remainder when 25128 is divided by 355.
278
W